{"id":34,"date":"2025-01-07T15:00:44","date_gmt":"2025-01-07T21:00:44","guid":{"rendered":"https:\/\/witip.mx\/?page_id=34"},"modified":"2026-01-15T08:54:15","modified_gmt":"2026-01-15T14:54:15","slug":"contact-us","status":"publish","type":"page","link":"https:\/\/witip.mx\/index.php\/contact-us\/","title":{"rendered":"Contact us"},"content":{"rendered":"\n<p><\/p>\n\n\n\n<h3 class=\"wp-block-heading\">E-mail:<\/h3>\n\n\n\n<p>Legal matters: omar@witip.mx<\/p>\n\n\n\n<p>Creative matters: enrique@witip.mx<\/p>\n\n\n\n<h3 class=\"wp-block-heading\">Address:<\/h3>\n\n\n\n<p>Insurgentes Sur 863, Oficina 753, Col. N\u00e1poles, Alcald\u00eda Benito Ju\u00e1rez, 03810, Mexico City,&nbsp; MEXICO<\/p>\n","protected":false},"excerpt":{"rendered":"<p>E-mail: Legal matters: omar@witip.mx Creative matters: enrique@witip.mx Address: Insurgentes Sur 863, Oficina 753, Col. N\u00e1poles, Alcald\u00eda Benito Ju\u00e1rez, 03810, Mexico City,&nbsp; MEXICO<\/p>\n","protected":false},"author":1,"featured_media":0,"parent":0,"menu_order":0,"comment_status":"closed","ping_status":"closed","template":"","meta":{"footnotes":""},"class_list":["post-34","page","type-page","status-publish","hentry"],"_links":{"self":[{"href":"https:\/\/witip.mx\/index.php\/wp-json\/wp\/v2\/pages\/34","targetHints":{"allow":["GET"]}}],"collection":[{"href":"https:\/\/witip.mx\/index.php\/wp-json\/wp\/v2\/pages"}],"about":[{"href":"https:\/\/witip.mx\/index.php\/wp-json\/wp\/v2\/types\/page"}],"author":[{"embeddable":true,"href":"https:\/\/witip.mx\/index.php\/wp-json\/wp\/v2\/users\/1"}],"replies":[{"embeddable":true,"href":"https:\/\/witip.mx\/index.php\/wp-json\/wp\/v2\/comments?post=34"}],"version-history":[{"count":5,"href":"https:\/\/witip.mx\/index.php\/wp-json\/wp\/v2\/pages\/34\/revisions"}],"predecessor-version":[{"id":95,"href":"https:\/\/witip.mx\/index.php\/wp-json\/wp\/v2\/pages\/34\/revisions\/95"}],"wp:attachment":[{"href":"https:\/\/witip.mx\/index.php\/wp-json\/wp\/v2\/media?parent=34"}],"curies":[{"name":"wp","href":"https:\/\/api.w.org\/{rel}","templated":true}]}}